{"id":22,"date":"2012-08-26T20:05:58","date_gmt":"2012-08-26T18:05:58","guid":{"rendered":"http:\/\/frantiskanihc.sk\/klastor\/?page_id=22"},"modified":"2022-10-23T14:04:00","modified_gmt":"2022-10-23T12:04:00","slug":"bratia-v-dome","status":"publish","type":"page","link":"https:\/\/frantiskanihc.sk\/klastor\/bratia-v-dome\/","title":{"rendered":"Bratia v dome"},"content":{"rendered":"<p>Ako nasledovn\u00edci odkazu sv. Franti\u0161ka z Assisi sa hl\u00e1sime k \u017eivotn\u00e9mu \u0161t\u00fdlu, ktor\u00fd charakterizujeme slovami \u017ei\u0165 pod\u013ea evanjelia. Tento \u017eivot je v\u017edy \u017eivotom v bratstve, ktor\u00e9 m\u00e1me hlboko v \u00facte.<\/p>\n<table>\n<tr>\n<td><strong>br. August\u00edn<\/strong><br \/>Peter Hlavina<\/td>\n<td>gvardi\u00e1n,<br \/>spr\u00e1vca kostola V\u0161etk\u00fdch Sv\u00e4t\u00fdch,<br \/>miestny duchovn\u00fd asistent OFS<\/td>\n<\/tr>\n<tr>\n<td><strong>br. Jeremi\u00e1\u0161<\/strong><br \/>Daniel Kvaka<\/td>\n<td>pastora\u010dn\u00fd k\u0148az, <br \/>komis\u00e1r Sv\u00e4tej Zeme, <br \/>\u010dlen misijn\u00e9ho t\u00edmu, <br \/>asistent Predajni Franti\u0161ek s. r. o<\/td>\n<\/tr>\n<tr>\n<td><strong>br. Bruno<\/strong><br \/>Peter V\u010dela<\/td>\n<td>pastora\u010dn\u00fd k\u0148az, <br \/>region\u00e1lny a miestny duchovn\u00fd asistent OFS<\/td>\n<\/tr>\n<tr>\n<td><strong>br. Zachej<\/strong><br \/>\u013dubom\u00edr Lal\u00edk<\/td>\n<td>kostoln\u00edk,<br \/>akolyta, <br \/>miestny anim\u00e1tor pre pastor\u00e1ciu povolan\u00ed, <br \/>slu\u017eba v reho\u013enom dome<\/td>\n<\/tr>\n<tr>\n<td><strong>br. Ter\u00e9zius<\/strong><br \/>Radko Jakub\u00edk<\/td>\n<td>kostoln\u00edk, <br \/>slu\u017eba v reho\u013enom dome<\/td>\n<\/tr>\n<\/table>\n<h2>Bratia vo fili\u00e1lnom dome v Beckove &#8211; Centrum novej evanjeliz\u00e1cie J\u00e1na Pavla II<\/h2>\n<table>\n<tr>\n<td><strong>br. Jozef<\/strong><br \/>Jozef \u010cir\u00e1k<\/td>\n<td>provinci\u00e1lny vik\u00e1r, <br \/>spr\u00e1vca CNE, <br \/>z\u00e1stupca gvardi\u00e1na (predstaven\u00fd komunity), <br \/>spr\u00e1vca kostola sv. Jozefa, <br \/>\u010dlen franti\u0161k\u00e1nskeho misijn\u00e9ho t\u00edmu\n<\/td>\n<\/tr>\n<tr>\n<td><strong>br. Anton<\/strong><br \/>Milan Kra\u010dunovsk\u00fd<\/td>\n<td>k\u0148azsk\u00e1 slu\u017eba v CNE<\/td>\n<\/tr>\n<tr>\n<td><strong>br. Jaroslav<\/strong><br \/>Jaroslav Nitkulinec<\/td>\n<td>diakon, <br \/>pastora\u010dn\u00fd asistent CNE\n<\/td>\n<\/tr>\n<\/table>\n","protected":false},"excerpt":{"rendered":"<p>Ako nasledovn\u00edci odkazu sv. Franti\u0161ka z Assisi sa hl\u00e1sime k \u017eivotn\u00e9mu \u0161t\u00fdlu, ktor\u00fd charakterizujeme slovami \u017ei\u0165 pod\u013ea evanjelia. Tento \u017eivot je v\u017edy \u017eivotom v bratstve, ktor\u00e9 m\u00e1me hlboko v \u00facte. &#8230;<\/p>\n","protected":false},"author":5,"featured_media":2237,"parent":0,"menu_order":0,"comment_status":"closed","ping_status":"open","template":"template-fullwidth.php","meta":{"footnotes":""},"class_list":["post-22","page","type-page","status-publish","has-post-thumbnail","hentry"],"_links":{"self":[{"href":"https:\/\/frantiskanihc.sk\/klastor\/wp-json\/wp\/v2\/pages\/22","targetHints":{"allow":["GET"]}}],"collection":[{"href":"https:\/\/frantiskanihc.sk\/klastor\/wp-json\/wp\/v2\/pages"}],"about":[{"href":"https:\/\/frantiskanihc.sk\/klastor\/wp-json\/wp\/v2\/types\/page"}],"author":[{"embeddable":true,"href":"https:\/\/frantiskanihc.sk\/klastor\/wp-json\/wp\/v2\/users\/5"}],"replies":[{"embeddable":true,"href":"https:\/\/frantiskanihc.sk\/klastor\/wp-json\/wp\/v2\/comments?post=22"}],"version-history":[{"count":38,"href":"https:\/\/frantiskanihc.sk\/klastor\/wp-json\/wp\/v2\/pages\/22\/revisions"}],"predecessor-version":[{"id":2431,"href":"https:\/\/frantiskanihc.sk\/klastor\/wp-json\/wp\/v2\/pages\/22\/revisions\/2431"}],"wp:featuredmedia":[{"embeddable":true,"href":"https:\/\/frantiskanihc.sk\/klastor\/wp-json\/wp\/v2\/media\/2237"}],"wp:attachment":[{"href":"https:\/\/frantiskanihc.sk\/klastor\/wp-json\/wp\/v2\/media?parent=22"}],"curies":[{"name":"wp","href":"https:\/\/api.w.org\/{rel}","templated":true}]}}

<p>Ako nasledovníci odkazu sv. Františka z Assisi sa hlásime k životnému štýlu, ktorý charakterizujeme slovami žiť podľa evanjelia. Tento život je vždy životom v bratstve, ktoré máme hlboko v úcte.</p>
<table>
<tr>
<td><strong>br. Augustín</strong><br />Peter Hlavina</td>
<td>gvardián,<br />správca kostola Všetkých Svätých,<br />miestny duchovný asistent OFS</td>
</tr>
<tr>
<td><strong>br. Jeremiáš</strong><br />Daniel Kvaka</td>
<td>pastoračný kňaz, <br />komisár Svätej Zeme, <br />člen misijného tímu, <br />asistent Predajni František s. r. o</td>
</tr>
<tr>
<td><strong>br. Bruno</strong><br />Peter Včela</td>
<td>pastoračný kňaz, <br />regionálny a miestny duchovný asistent OFS</td>
</tr>
<tr>
<td><strong>br. Zachej</strong><br />Ľubomír Lalík</td>
<td>kostolník,<br />akolyta, <br />miestny animátor pre pastoráciu povolaní, <br />služba v rehoľnom dome</td>
</tr>
<tr>
<td><strong>br. Terézius</strong><br />Radko Jakubík</td>
<td>kostolník, <br />služba v rehoľnom dome</td>
</tr>
</table>
<h2>Bratia vo filiálnom dome v Beckove &#8211; Centrum novej evanjelizácie Jána Pavla II</h2>
<table>
<tr>
<td><strong>br. Jozef</strong><br />Jozef Čirák</td>
<td>provinciálny vikár, <br />správca CNE, <br />zástupca gvardiána (predstavený komunity), <br />správca kostola sv. Jozefa, <br />člen františkánskeho misijného tímu
</td>
</tr>
<tr>
<td><strong>br. Anton</strong><br />Milan Kračunovský</td>
<td>kňazská služba v CNE</td>
</tr>
<tr>
<td><strong>br. Jaroslav</strong><br />Jaroslav Nitkulinec</td>
<td>diakon, <br />pastoračný asistent CNE
</td>
</tr>
</table>

<p>Ako nasledovníci odkazu sv. Františka z Assisi sa hlásime k životnému štýlu, ktorý charakterizujeme slovami žiť podľa evanjelia. Tento život je vždy životom v bratstve, ktoré máme hlboko v úcte. &#8230;</p>
